t the prime factors of (10/n)/((-2)/(-8)).
2, 5
Let w = -1 - -5. Suppose 0 = w*v - 12, 23 = l + 3*l + 5*v. What are the prime factors of l?
2
Suppose 2*m + 74 = 4*m. List the prime factors of m.
37
Suppose -c = -2*c + 13. What are the prime factors of c?
13
Let d = 351 - 222. What are the prime factors of d?
3, 43
Suppose -576 = -9*b + 1026. What are the prime factors of b?
2, 89
Let z(y) = y**3 - 2. Let t be z(-2). Let s be (-12)/t*(-10)/(-4). Suppose 4*l - 28 = 4*a, -s*l - a + 6 = -7. What are the prime factors of l?
5
Let x = -27 + 41. What are the prime factors of x?
2, 7
Suppose 2*j = -3*j. Suppose z + 4 = -j*z. What are the prime factors of (-2)/(-1) - (z + 3)?
3
Let k(l) = -12*l + 10. What are the prime factors of k(-3)?
2, 23
Suppose 2*x = -3*x. Suppose -3*p + x*r + 32 = 2*r, 5*r = 4*p - 58. List the prime factors of p.
2, 3
Let f(j) = -j**3 + 7*j**2 - 6*j - 3. List the prime factors of f(5).
17
Let w be (-2)/3 + 17/3. Suppose 2*f + 2*m = 22, w*m = -f - 5 + 20. Let h = f - 7. List the prime factors of h.
3
Let z be (0 - (-11 - 1))/1. Suppose 2*h - z = 10. Suppose 25 = 4*p - h. What are the prime factors of p?
3
Let j = -108 + 374. List the prime factors of j.
2, 7, 19
Let j be -3 + (-2)/(4/14). List the prime factors of (6/5)/((-2)/j).
2, 3
Let x(m) = -13*m + 1. Let j(t) = 14*t - 1. Let o(a) = -6*j(a) - 7*x(a). List the prime factors of o(5).
2, 17
Let v be -1 + 3 + -2*1. Let g = -4 + v. Let f = -2 - g. What are the prime factors of f?
2
Let q = -90 + 156. What are the prime factors of q?
2, 3, 11
Let c(q) be the third derivative of 3*q**5/20 + q**3/6 - 3*q**2. What are the prime factors of c(1)?
2, 5
Let m(b) = b**2 - 4*b - 1. Suppose -31 = -3*w - 7. Let d be (-2)/8 + 42/w. What are the prime factors of m(d)?
2
Let p(k) = -5*k - 5. Suppose 0 = -5*l + 4*q - 21, -l + 14 = -4*l + q. List the prime factors of p(l).
2, 5
What are the prime factors of (36/21)/(2/14)?
2, 3
Let d(v) = 2*v**2 - 15*v - 7. List the prime factors of d(15).
2, 109
Suppose 3*r = -w - 4*w + 122, -2*w + 2*r + 36 = 0. Suppose -3*f + 70 = m, w + 66 = 4*f + 4*m. What are the prime factors of f?
2, 3
Let t(m) = -m - 3. What are the prime factors of t(-5)?
2
Let m(l) = -18*l**2 - l + 1. Let y be m(1). Let b = 35 + y. What are the prime factors of b?
17
Let i(n) = -n**2 - 2*n + 45. What are the prime factors of i(0)?
3, 5
Suppose 5*z + 2*n - 58 = -7, 2*z - 26 = 2*n. What are the prime factors of z?
11
Suppose s + 2 + 9 = 0. Let c = s + 27. List the prime factors of c.
2
Suppose 0*a - 4*a + 20 = 0. Suppose -3*m - 20 = -a*m. Suppose m = 2*t - 2*x, 0*x + 10 = 2*t - x. What are the prime factors of t?
5
Let q(f) = f - 6. Let u be q(8). Suppose 2*g = u + 2. List the prime factors of (-36)/10*(-5)/g.
3
Let s be -4 + 6 - (-1 - 1). Suppose 0 = -3*z - 8 - s. What are the prime factors of (-23)/z + 1/4?
2, 3
Let n be 2 - (-1 + 1) - -1. Suppose 4*m - 22 = -5*j, -n*m = 2*m + 3*j - 21. List the prime factors of (6/5)/m*20.
2
List the prime factors of 39/312 + 3102/16.
2, 97
Let h = 4 - 2. Let b(m) = 4*m + 1. Let t be b(6). Suppose -3*k = h*k - t. What are the prime factors of k?
5
Let r(s) = -s**3 - s**2 + s + 98. What are the prime factors of r(0)?
2, 7
Let s(m) = m + 2. Let r = 26 + -16. What are the prime factors of s(r)?
2, 3
Let v = 84 + -80. What are the prime factors of v?
2
Suppose p = 3*p - 6. What are the prime factors of p?
3
Let n = -62 - -96. What are the prime factors of n?
2, 17
Let c(b) = 2*b**2 + 10*b + 13. What are the prime factors of c(-14)?
5, 53
Let c(n) = n**3 + 17*n**2 + n + 22. List the prime factors of c(-17).
5
Let w = -20 - -53. List the prime factors of w.
3, 11
Suppose 2*s - 75 = -3*z, 0 = -5*z - 13 - 12. Suppose -3*d = -6*d - 3*w + 75, -2*d - w + s = 0. What are the prime factors of d?
2, 5
Suppose 10 = 3*y - 5. Suppose y*s = -4*j + 51, 5*s + 3*j - 52 = -0*s. What are the prime factors of s?
11
Let x = 30 - 1. Suppose 0 = 2*q - 15 - x. List the prime factors of q.
2, 11
Let d be 2/((-4)/6*1). Let f = d - -6. Suppose 10 = 5*j + f*h - 2, -j = -h - 4. What are the prime factors of j?
3
Let o(x) = x**2 + 3*x - 2. What are the prime factors of o(5)?
2, 19
Suppose -12*y + 1781 = y. What are the prime factors of y?
137
Let v(t) = -t**2 - 13*t + 3. Let f be v(-13). Let l(w) = 4*w - 4. List the prime factors of l(f).
2
Let k be 0 - (1 - 3) - -1. Let u = k - -8. List the prime factors of u.
11
Let p be -3 + 17 + -1 + 1. Suppose -4*n - p = 10. Let k = n + 10. List the prime factors of k.
2
Let f = -2 - -8. Let c be (f/(-1))/(6/(-4)). Suppose -c*k + 3 = -65. List the prime factors of k.
17
Let y = -13 - -8. Let t = 12 + y. List the prime factors of -7 + 5 + 1 + t.
2, 3
Let i(h) = h**2 + 7*h - 8. Let s be i(-8). Suppose 2*d + s*d - 48 = 0. Suppose 0 = r + 4, 6*r + d = y + 2*r. What are the prime factors of y?
2
Suppose 0 = -2*j + 2*s + 128, -4*j - s + 236 = -5. List the prime factors of j.
61
Let n(q) = q**2 - 6*q - 1. List the prime factors of n(-6).
71
Let n = 12 - 10. Suppose -n*f + 35 + 9 = 0. What are the prime factors of f?
2, 11
Let p = 5 + -3. Suppose 2*m = 5*l - 16, 0 - 8 = -p*m - l. Let t(y) = 3*y**3 - 2*y**2 + 2. List the prime factors of t(m).
2, 3
Suppose -2*u = u + 306. Let d be (4/(-3))/(4/u). Suppose d + 2 = 3*y. List the prime factors of y.
2, 3
Let y be (45/(-4))/(4/16). What are the prime factors of (y/(-12))/((-9)/(-48))?
2, 5
Suppose -3*o + 791 = 3*z - 5*z, 1319 = 5*o - 4*z. What are the prime factors of o?
263
Let f(k) = -3*k + 184. What are the prime factors of f(0)?
2, 23
Let z be 4*(-3)/12*-1. Let x(s) = 12*s - 1. Let n be x(z). Suppose n = 4*v - 45. List the prime factors of v.
2, 7
Let m(c) = c + 3. Let r(s) = -2*s + 2. Let q be r(-2). Let n be m(q). List the prime factors of 2 + 1/(1/n).
11
Let t(q) = 6*q**2 - 8*q - 4. List the prime factors of t(6).
2, 41
Suppose -2*z + 1 + 3 = 0. Suppose 0 = y - z. Suppose y*v + 55 = 5*j, 5*j + 4*v = -v + 90. List the prime factors of j.
13
List the prime factors of -398*(-9)/10 + (-5)/25.
2, 179
Suppose -2*j = -v - 70, 0*v = 3*v - 6. What are the prime factors of j?
2, 3
Suppose 6*j - 521 - 307 = 0. What are the prime factors of j?
2, 3, 23
Let t = -2 - 4. Let h = 32 + t. List the prime factors of h.
2, 13
Let g = -8 - -50. List the prime factors of g.
2, 3, 7
Let j(d) = -d**2 + 4*d - 1. Let f be j(4). List the prime factors of 15 + f/(-1) + -1.
3, 5
Let y = -1 - -14. Suppose 3*b - 62 = y. What are the prime factors of b?
5
Let i(t) = t**3 + 2*t**2 + 2*t + 158. What are the prime factors of i(0)?
2, 79
Let z(j) = j + 13. Let q be z(-7). List the prime factors of (-1)/(-2) + 81/q.
2, 7
Let w(p) = 152*p**3 - p - 1. Let j be w(-1). What are the prime factors of (-3)/((-2)/(j/(-6)))?
2, 19
Let w(g) be the third derivative of -g**5/60 - 5*g**4/12 + g**3/3 - 8*g**2. List the prime factors of w(-5).
3
Let k(y) = -11*y. Let v = -6 - -5. What are the prime factors of k(v)?
11
Suppose -3*f = 4*f - 1246. What are the prime factors of f?
2, 89
Let k(d) = 4*d**2 + 10*d + 20. What are the prime factors of k(-5)?
2, 5, 7
Suppose 2*w - 346 = -4*v, 0 = -3*w + w - 2*v + 340. List the prime factors of w.
167
Suppose -5*o = 1 - 6, 3*y - 4*o = 125. List the prime factors of y.
43
Let w(o) = -6*o. Let u be w(-5). Suppose -78 = -4*q + u. List the prime factors of q.
3
Suppose 11*x + 25 = 16*x. Suppose -2*p = 10, 3*m - 61 = -m + x*p. List the prime factors of m.
3
Let m(o) = 26*o**3 + o**2 - 6. List the prime factors of m(2).
2, 103
Suppose z - p = -0*p + 43, -3*z + 4*p = -125. List the prime factors of z.
47
Let u(i) = i - 4*i**3 + 1 - 2 + 2*i**2 + 1. List the prime factors of u(-1).
5
Suppose -d + 7 = r - 5*r, -4*d + 73 = -r. Suppose 0 = x - 53 + d. List the prime factors of x.
2, 17
What are the prime factors of (-266)/(-4) + (-1)/2?
2, 3, 11
Suppose -2*w - 9 = 3. Let i(d) = -d - 6. Let n be i(w). Let b = 7 - n. List the prime factors of b.
7
Suppose d = -d + 36. Let c = 35 - d. List the prime factors of c.
17
Suppose k + 61 = -3*l, 0 = -3*k + 4*l - 110 - 21. Let t = k + 85. Suppose t = 4*m - 0*m. What are the prime factors of m?
3
Suppose 4*c + 2*k - 5*k - 38 = 0, -c - k + 6 = 0. Suppose 0 = -c*q + 10*q - 78. List the prime factors of q.
3, 13
List the prime factors of -2 + 3 + ((-732)/(-2))/3.
3, 41
What are the prime